eatest common divisor of i and b.
5
Suppose 6 = s + 2*s. Suppose j = -s*j + 2*c + 128, 36 = j - 4*c. Let u(m) = m**2 - 4*m + 4. Let f be u(4). Calculate the highest common divisor of f and j.
4
Let z(y) = 2*y**3 + 2*y**2 - 2*y - 3. Let i be z(5). What is the highest common divisor of i and 41?
41
Let w(o) = 80*o. Let g be w(1). Let f(d) = -6*d + 2. Let z = -16 + 11. Let j be f(z). What is the greatest common factor of g and j?
16
Let p be (-4 - -1)/((-3)/81). Let t be 6/10 - p/(-15). Let s = 20 + -11. Calculate the greatest common divisor of t and s.
3
Let w be 1*(-14)/(-3)*6. Let z be (-153)/(-21) - 4/14. What is the greatest common factor of w and z?
7
Let k = 12 + -22. Let m be (k/4)/(2/(-4)). Suppose m*b = 3*b + 6. What is the highest common factor of 3 and b?
3
Let s(t) = t**3 + 12*t**2 + 3*t. Let n be s(-9). Let w = 8 + n. Calculate the highest common divisor of w and 28.
28
Suppose 4*w = w + 21. Let h(k) = -k - 2. Let n(i) = 4*i + 9. Let p(m) = -9*h(m) - 2*n(m). Let t be p(w). Calculate the highest common factor of t and 21.
7
Suppose -3*b - 2*k = -130, -2*k = -2*b + 2 + 78. Calculate the greatest common factor of 21 and b.
21
Let k be (-8)/12 - 122/(-3). Let t(d) = d**3 + 6*d**2 + 3*d - 5. Let o be t(-5). Calculate the highest common divisor of o and k.
5
Let y be (-1)/4 + (-143)/(-44). What is the greatest common divisor of 3 and y?
3
Let d = -26 - -29. Calculate the greatest common divisor of 3 and d.
3
Suppose -4*p = -2*k - 20, k + 1 = -5*p + 5. Let m be (-20)/k + 8/12. Calculate the greatest common divisor of 4 and m.
4
Suppose 378 = -6*l + 20*l. Calculate the highest common factor of l and 54.
27
Suppose 19*w - 20*w = -3. Calculate the greatest common divisor of 12 and w.
3
Let c = -30 + 140. Calculate the highest common divisor of 10 and c.
10
Suppose -6*g + 13 - 1 = 0. Suppose 4*b + g*b - 24 = 0. Calculate the highest common factor of 36 and b.
4
Suppose -3*z + n = 3*n + 1, -n = z. Let u be (-23 - 1)*(z - 0). Calculate the greatest common divisor of 4 and u.
4
Let k(l) = l + 2. Let q be k(6). What is the greatest common divisor of 8 and q?
8
Suppose 16*b = 21*b - 70. Calculate the highest common factor of 14 and b.
14
Let a(m) = 3*m + 4. Let k be a(3). Let r(j) = 13 + 4*j - k. Let l be r(7). What is the highest common divisor of l and 42?
14
Let i(p) = p**3 + 7*p**2 + 7*p + 8. Let z be i(-6). Suppose 11 = 5*u - 4*d, -2*u - d + z*d = -5. What is the greatest common factor of u and 1?
1
Let y be 6 + 0*3/15. Let l be (-4)/(2 + 0) - -26. Calculate the greatest common factor of y and l.
6
Let t(m) = -m**2 - 8*m - 1. Let a be t(-7). Let f be 2/a + 60/9. What is the highest common divisor of 7 and f?
7
Let k = 3 + 3. Let z be (0 + 11)/(1/k). What is the greatest common factor of z and 11?
11
Let v = 0 - -2. Let u be 2/1 - v*-54. Suppose -40 = -r - 3*r. Calculate the highest common factor of u and r.
10
Let o be (-3)/(((-8)/(-38))/(-4)). Let m(c) = 37*c + 1. Let u be m(1). What is the greatest common factor of o and u?
19
Let m = -5 - -6. Let s = 7 - m. Calculate the highest common factor of 6 and s.
6
Let o be 52/(-10) + 2/10. Let b(d) be the third derivative of -d**5/60 - d**4/4 - d**3/3 - d**2. Let v be b(o). Calculate the highest common factor of v and 24.
3
Suppose -3*u - 2*u = 5*w + 45, 3*w - 4*u - 1 = 0. Let v(p) = -p**2 - 5. Let g be v(w). Let l = 58 + g. What is the highest common divisor of 7 and l?
7
Let a = -13 - -49. Calculate the highest common factor of a and 4.
4
Suppose -q - 13 = -6*q + 3*p, -4*p + 11 = -q. Calculate the highest common factor of q and 1.
1
Let w(q) = q + 6. Let x be w(0). Let l(y) = y**3 + y**2 + 3*y + 4. Let u be l(4). Let t = u + -42. What is the highest common factor of t and x?
6
Let g be 15/(-20)*-102 + (-1)/(-2). Calculate the highest common factor of g and 7.
7
Suppose 0*g - g + 27 = 4*z, -g = 5*z - 35. Calculate the highest common divisor of 64 and z.
8
Let l = -109 + 113. What is the highest common divisor of 32 and l?
4
Let l = -42 - -70. What is the greatest common divisor of l and 70?
14
Let f = 73 + 37. Let i(k) = 23*k**2 + k. Let x be i(-1). What is the greatest common factor of x and f?
22
Suppose 0 = 4*j + q - 3*q - 176, -2*q + 160 = 4*j. Suppose 2*u = 5*u - 6. Let k = 12 + u. Calculate the greatest common factor of k and j.
14
Suppose -x + n - 5 = 0, -2*x + 5*x = 4*n - 20. Suppose -4*y = -x*y - 136. Calculate the highest common factor of 51 and y.
17
Let p(f) = -f - 1. Suppose 7*w = 2*w - 55. Let t be p(w). Calculate the greatest common factor of t and 110.
10
Suppose -3*s + 2*s = -5*j - 36, -3*s + 5*j + 88 = 0. Calculate the greatest common divisor of 13 and s.
13
Suppose 0 = 6*b - 4*b + 48. Let n = b + 41. Calculate the highest common factor of n and 187.
17
Let l(d) = d**3 + 9*d**2 + 5*d - 15. Let q be l(-7). Calculate the highest common factor of q and 8.
8
Let b = 46 - 25. What is the highest common factor of b and 7?
7
Suppose 4*k = -44 + 192. Let v(n) = 7*n**2 + n - 2. Let c be v(2). Suppose 2*u = 3*h + 2*h - k, 2*u = 4*h - c. Calculate the greatest common divisor of 9 and h.
9
Suppose 5*c - 7 = 68. Let y = -1 + 3. Suppose 150 = y*x + 3*x. What is the greatest common factor of x and c?
15
Let p be (-2)/(-2)*2*1. Let r be 117/12 + p/8. Let u = r - 6. Calculate the highest common factor of 32 and u.
4
Let r be 319/4 - 1/(-4). Suppose -162 = -5*l - d, 86 = 3*l - 3*d - 2*d. What is the greatest common divisor of l and r?
16
Suppose 0 = -10*q + 1620 + 140. Calculate the greatest common divisor of q and 22.
22
Let w be 6/4 - ((-363)/6 + -2). Calculate the highest common divisor of 8 and w.
8
Let j(k) = k**3 + k**2 - 2*k + 60. Let i be j(0). Calculate the greatest common factor of 20 and i.
20
Let s = -10 + 17. Let h = 9 + s. Calculate the greatest common factor of 80 and h.
16
Suppose 0 = 2*q - 5*q + 2*d + 3, -3*q + 5*d + 3 = 0. Suppose 2*s - 5*p - 10 = -0*p, 4*p + 10 = 2*s. What is the highest common divisor of s and q?
1
Let r = -49 + 189. Calculate the greatest common factor of 35 and r.
35
Let a(x) = -x**2 + 7*x - 4. Let c be a(6). Suppose -3 = -c*q + 15. Let w be 20/(-30) - 218/(-3). Calculate the greatest common divisor of q and w.
9
Let x(z) = z**3 - 6*z**2 + 4*z + 1. Let d be x(4). Let r = d + 17. Calculate the greatest common divisor of 10 and r.
2
Let m(l) = -2*l**3 + 9*l**2 - l + 7. Let r be m(4). Calculate the greatest common factor of 95 and r.
19
Let y(c) = -c - 6. Let j be y(-10). Suppose -j*w - 17 = -113. Let u(a) = 8*a + 4. Let b be u(4). What is the greatest common divisor of w and b?
12
Let m(y) = 7*y - 1. Let n be m(1). Let g = 4 - n. Let k be g - 5/1*-13. Calculate the greatest common divisor of k and 9.
9
Let o be 0 + -2 + (-56)/(-4). Calculate the greatest common divisor of o and 30.
6
Suppose 0 = -4*x + 2*x + 32. Suppose v - 20 = -5*i + 40, 2*i + 328 = 4*v. What is the highest common divisor of v and x?
16
Let k = 23 + -15. Let n be 2/(0 + 2) - -31. What is the greatest common factor of n and k?
8
Let k be (-860)/(-18) + 4/18. Calculate the highest common factor of k and 32.
16
Suppose 2*a + a + 66 = -3*b, a - 4*b + 47 = 0. Let x be a/(-1)*(0 - -1). What is the highest common divisor of x and 3?
3
Let w be 7 - 0/(0 - -2). Suppose -69 = -5*y - u, -u + 66 = 5*y + 3*u. Suppose -y = -0*i - 2*i. Calculate the highest common factor of w and i.
7
Let m = 39 + -36. Calculate the greatest common divisor of 3 and m.
3
Suppose 12*v - 16*v + 8 = 0. Suppose 5*j = 5 - 15. Let z be v*10 - j - 0. Calculate the greatest common factor of 11 and z.
11
Let n = -3 + 7. Suppose -4*t + n*s - 101 + 653 = 0, -3*s + 566 = 4*t. Calculate the highest common factor of 20 and t.
20
Let j = 22 - 7. What is the greatest common divisor of j and 60?
15
Let q(b) = -b**2 - 18*b + 39. Let h be q(-13). What is the highest common factor of h and 26?
26
Let z(v) = -v + 15. Let c be z(-12). Calculate the highest common divisor of 18 and c.
9
Suppose g = 3*g, n = 3*g + 3. Calculate the greatest common factor of 24 and n.
3
Let j = -1 - -3. Suppose 4*z = 3*k + 122, 2*z + j*k = 4*z - 60. Calculate the highest common divisor of z and 128.
32
Let x = 2 + 6. Let k be 2/((1 + -4)/6). Let n = k + x. Calculate the highest common factor of 2 and n.
2
Let c = -109 + 117. Let r = 11 + 13. Calculate the greate